376276?
7
What is the hundred thousands digit of 363756?
3
What is the millions digit of 4119323?
4
What is the ten thousands digit of 117929?
1
What is the thousands digit of 2801439?
1
What is the tens digit of 2164775?
7
What is the units digit of 18230881?
1
What is the tens digit of 471856?
5
What is the ten thousands digit of 5330078?
3
What is the thousands digit of 4016845?
6
What is the hundreds digit of 443280?
2
What is the tens digit of 2722300?
0
What is the hundreds digit of 221?
2
What is the thousands digit of 8421220?
1
What is the thousands digit of 145199?
5
What is the millions digit of 1382201?
1
What is the ten thousands digit of 421013?
2
What is the tens digit of 24515?
1
What is the ten thousands digit of 304342?
0
What is the ten thousands digit of 7107556?
0
What is the millions digit of 7184950?
7
What is the thousands digit of 5658890?
8
What is the units digit of 15049451?
1
What is the ten thousands digit of 639447?
3
What is the hundred thousands digit of 925941?
9
What is the hundred thousands digit of 249520?
2
What is the hundred thousands digit of 10890904?
8
What is the tens digit of 1230047?
4
What is the units digit of 174016?
6
What is the thousands digit of 2744312?
4
What is the hundred thousands digit of 920670?
9
What is the millions digit of 4201025?
4
What is the tens digit of 1348501?
0
What is the hundreds digit of 2416402?
4
What is the units digit of 3500578?
8
What is the hundred thousands digit of 2617256?
6
What is the millions digit of 2117786?
2
What is the thousands digit of 2657132?
7
What is the hundreds digit of 6603080?
0
What is the units digit of 1259352?
2
What is the tens digit of 310922?
2
What is the ten thousands digit of 4110253?
1
What is the hundred thousands digit of 523538?
5
What is the hundred thousands digit of 6915690?
9
What is the millions digit of 8854206?
8
What is the ten thousands digit of 85931?
8
What is the millions digit of 1459079?
1
What is the thousands digit of 19604098?
4
What is the hundreds digit of 315690?
6
What is the tens digit of 623051?
5
What is the units digit of 593171?
1
What is the ten thousands digit of 131226?
3
What is the hundreds digit of 1255201?
2
What is the hundred thousands digit of 340249?
3
What is the thousands digit of 3569150?
9
What is the hundreds digit of 3690632?
6
What is the hundreds digit of 20539?
5
What is the hundreds digit of 15025633?
6
What is the millions digit of 6670710?
6
What is the units digit of 2933551?
1
What is the units digit of 1492702?
2
What is the tens digit of 25762760?
6
What is the ten thousands digit of 16332778?
3
What is the hundred thousands digit of 1101945?
1
What is the tens digit of 548558?
5
What is the hundreds digit of 3858721?
7
What is the ten thousands digit of 5939602?
3
What is the millions digit of 8676099?
8
What is the units digit of 21012185?
5
What is the tens digit of 511145?
4
What is the millions digit of 2103596?
2
What is the ten thousands digit of 400374?
0
What is the units digit of 2335025?
5
What is the units digit of 537334?
4
What is the units digit of 1049934?
4
What is the units digit of 523671?
1
What is the ten millions digit of 14242927?
1
What is the ten thousands digit of 99913?
9
What is the units digit of 13258768?
8
What is the thousands digit of 1714002?
4
What is the millions digit of 1722504?
1
What is the hundreds digit of 111828?
8
What is the hundred thousands digit of 285562?
2
What is the tens digit of 766740?
4
What is the tens digit of 19846?
4
What is the tens digit of 1072648?
4
What is the ten thousands digit of 2388418?
8
What is the hundreds digit of 89112?
1
What is the hundreds digit of 10390871?
8
What is the hundreds digit of 3469880?
8
What is the hundred thousands digit of 295808?
2
What is the hundred thousands digit of 5256252?
2
What is the thousands digit of 707602?
7
What is the tens digit of 15029723?
2
What is the ten thousands digit of 5897872?
9
What is the tens digit of 23956?
5
What is the millions digit of 10052734?
0
What is the units digit of 914724?
4
What is the ten thousands digit of 6081873?
8
What is the hundreds digit of 1662264?
2
What is the thousands digit of 329185?
9
What is the hundred thousands digit of 5694456?
6
What is the hundreds digit of 790972?
9
What is the ten thousands digit of 4252852?
5
What is the tens digit of 3302877?
7
What is the units digit of 387953?
3
What is the ten thousands digit of 1740735?
4
What is the thousands digit of 4899878?
9
What is the ten thousands digit of 766215?
6
What is the units digit of 107809?
9
What is the tens digit of 1870952?
5
What is the tens digit of 110073?
7
What is the units digit of 1816990?
0
What is the hundreds digit of 5250988?
9
What is the hundreds digit of 15129108?
1
What is the units digit of 1984377?
7
What is the hundred thousands digit of 8490760?
4
What is the ten thousands digit of 340809?
4
What is the ten thousands digit of 389037?
8
What is the hundred thousands digit of 229173?
2
What is the hundreds digit of 248097?
0
What is the thousands digit of 2214397?
4
What is the hundred thousands digit of 288739?
2
What is the ten thousands digit of 1726605?
2
What is the tens digit of 5244355?
5
What is the hundred thousands digit of 5329538?
3
What is the tens digit of 639943?
4
What is the units digit of 136331?
1
What is the units digit of 112638?
8
What is the hundreds digit of 1052936?
9
What is the thousands digit of 86726?
6
What is the thousands digit of 442618?
2
What is the thousands digit of 1720600?
0
What is the thousands digit of 6775444?
5
What is the hundreds digit of 1367546?
5
What is the hundred thousands digit of 4298157?
2
What is the hundred thousands digit of 877791?
8
What is the hundred thousands digit of 11089172?
0
What is the hundred thousands digit of 19356970?
3
What is the units digit of 2959693?
3
What is the hundreds digit of 378126?
1
What is the hundred thousands digit of 521329?
5
What is the hundred thousands digit of 17740222?
7
What is the millions digit of 18385206?
8
What is the hundreds digit of 2538835?
8
What is the ten thousands digit of 6426971?
2
What is the tens digit of 3570727?
2
What is the millions digit of 1041175?
1
What is the millions digit of 1022637?
1
What is the units digit of 15485537?
7
What is the hundred thousands digit of 14797720?
7
What is the hundreds digit of 277330?
3
What is the units digit of 204113?
3
What is the thousands digit of 2546151?
6
What is the millions digit of 15416319?
5
What is the hundreds digit of 32339289?
2
What is the thousands digit of 900390?
0
What is the units digit of 2763019?
9
What is the ten thousands digit of 52023?
5
What is the hundred thousands digit of 10347693?
3
What is the hundred thousands digit of 384372?
3
What is the ten millions digit of 22831640?
2
What is the hundreds digit of 2168757?
7
What is the units digit of 39351?
1
What is the tens digit of 1091082?
8
What is the units digit of 355005?
5
What is the thousands digit of 7787367?
7
What is the ten thousands digit of 14883785?
8
What is the millions digit of 1327991?
1
What is the hundreds digit of 44303?
3
What is the tens digit of 1263184?
8
What is the ten thousands digit of 486304?
8
What is the thousands digit of 9263247?
3
What is the hundred thousands digit of 2244080?
2
What is the tens digit of 673890?
9
What is the ten thousands digit of 305477?
0
What is the thousands digit of 492193?
2
What is the hundred thousands digit of 235496?
2
What is the thousands digit of 524152?
4
What is the units digit of 43623344?
4
What is the ten millions digit of 15299900?
1
What is the thousands digit of 18691?
8
What is the tens digit of 78450?
5
What is the millions digit of 3483218?
3
What is the thousands digit of 537105?
7
What is the hundreds digit of 1773310?
3
What is the units digit of 7625478?
8
What is the units digit of 966736?
6
What is the hundreds digit of 1928811?
8
What is the thousands digit of 185332?
5
What is the hundred thousands digit of 386463?
3
What is the hundreds digit of 116980?
9
What is the hundred thousands digit of 1837522?
8
What is the units digit of 1382517?
7
What is the hundred thousands digit of 6045384?
0
What is the units digit of 13950